{"id":13,"date":"2019-03-25T12:59:35","date_gmt":"2019-03-25T11:59:35","guid":{"rendered":"https:\/\/2019.bari.wordcamp.org\/?page_id=13"},"modified":"2019-05-18T07:07:01","modified_gmt":"2019-05-18T05:07:01","slug":"tickets","status":"publish","type":"page","link":"https:\/\/bari.wordcamp.org\/2019\/tickets\/","title":{"rendered":"Tickets"},"content":{"rendered":"<p><img loading=\"lazy\" decoding=\"async\" class=\"aligncenter size-full wp-image-674\" src=\"https:\/\/2019.bari.wordcamp.org\/files\/2019\/03\/post-cover_prenota-il-tuo-posto.jpg\" alt=\"\" width=\"800\" height=\"400\" srcset=\"https:\/\/bari.wordcamp.org\/2019\/files\/2019\/03\/post-cover_prenota-il-tuo-posto.jpg 800w, https:\/\/bari.wordcamp.org\/2019\/files\/2019\/03\/post-cover_prenota-il-tuo-posto-300x150.jpg 300w, https:\/\/bari.wordcamp.org\/2019\/files\/2019\/03\/post-cover_prenota-il-tuo-posto-768x384.jpg 768w, https:\/\/bari.wordcamp.org\/2019\/files\/2019\/03\/post-cover_prenota-il-tuo-posto-500x250.jpg 500w\" sizes=\"auto, (max-width: 800px) 100vw, 800px\" \/><\/p>\n<h2>Prenota il tuo posto!<\/h2>\n<p>Ci siamo, i biglietti per il <strong>WordCamp Bari del 17 e 18 Maggio 2019<\/strong> sono in vendita.<\/p>\n<p>Prenota il tuo posto per questa nuova avventura WordPress \ud83d\ude42 . Come saprai un WordCamp \u00e8 un evento organizzato da volontari, senza scopo di lucro.<br \/>\nIl biglietto ha un costo simbolico di<strong> 20\u20ac<\/strong>, poich\u00e9 il reale costo a persona \u00e8 molto pi\u00f9 elevato, ma grazie ai nostri amati sponsor riusciamo a coprire la rimanente parte delle spese.<\/p>\n<h3><strong>Acquistando il biglietto per il WordCamp potrai:<\/strong><\/h3>\n<ul>\n<li>partecipare alla giornata della <strong>Conferenza<\/strong> di Sabato 18 Maggio<\/li>\n<li>avere la possibilit\u00e0 di partecipare al <strong>Contributor Day<\/strong> di Venerd\u00ec 17 Maggio<\/li>\n<li>il <strong>pranzo<\/strong> e vari <strong>coffee-break<\/strong> durante le giornate<\/li>\n<li>avere l&#8217;opportunit\u00e0 di fare <strong>networking ed incontrare di persona i relatori dei talks<\/strong><\/li>\n<li>ricevere la<strong> t-shirt<\/strong> dell&#8217;evento e tanti <strong>gadgets<\/strong> \ud83d\ude42<\/li>\n<li>partecipare alla fantastica <strong>festa dell&#8217;After Party<\/strong> nella serata del sabato<\/li>\n<\/ul>\n<h3><strong>Il Contributor Day<\/strong><\/h3>\n<p>Se decidi di unirti a noi anche per il Contributor Day di Venerd\u00ec 17 Maggio, devi <strong>indicarlo in fase di acquisto del biglietto<\/strong>. La partecipazione a questa giornata \u00e8 gratuita e riservata a chi acquista il biglietto; anche venerd\u00ec sono compresi il pranzo ed i coffee break.<br \/>\nPoich\u00e9 i <strong>posti<\/strong> per il Contributor Day sono <strong>limitati<\/strong>, per favore segna s\u00ec solo se davvero verrai, altrimenti lascia che altri abbiano la possibilit\u00e0 di partecipare. Se in qualsiasi momento cambi idea (hai detto s\u00ec ma non puoi pi\u00f9 \/ hai detto no ma ci hai ripensato e vorresti venire) per favore segnalacelo tramite la nostra pagina di <a href=\"https:\/\/2019.bari.wordcamp.org\/info-contatti\/\"><strong>contatto<\/strong><\/a>.<\/p>\n<h3><strong>Note.<\/strong><\/h3>\n<p>Dopo l\u2019acquisto del biglietto, <strong>riceverai una mail di conferma del pagamento<\/strong>. Non hai bisogno di un biglietto per entrare, \u00e8 sufficiente presentarti al desk di ingresso il giorno dell\u2019evento e <strong>riceverai il badge di ingresso<\/strong> con il tuo nome.<br \/>\nPer motivi amministrativi purtroppo i biglietti del WordCamp non sono rimborsabili. Per\u00f2 puoi decidere di rivendere il biglietto a qualcun&#8217;altro o anche regalarlo. E&#8217; sufficiente modificare i dati tramite il link che riceverai nell&#8217;email di conferma. Grazie per la comprensione!<\/p>\n<p>Per noi \u00e8 importante organizzare un evento in un ambiente amichevole, sicuro ed accogliente, accessibile, rispettoso di tutti e protetto. Per questo adottiamo un <a href=\"https:\/\/2019.bari.wordcamp.org\/codice-di-condotta\/\"><strong>Codice di Condotta<\/strong><\/a>. Per cortesia, leggilo prima di comprare il biglietto, perch\u00e9 chiederemo a tutti i partecipanti di rispettarlo!<br \/>\nSe vuoi la <strong>fattura<\/strong> dell\u2019acquisto, puoi compilare i campi del modulo, grazie!<br \/>\nA fine evento pubblicheremo un post riepilogativo del budget utilizzato, in totale trasparenza, con indicati i ricavi dalla vendita dei biglietti, i contributi degli sponsors ed i costi sostenuti.<\/p>\n<h4>La vendita dei ticket \u00e8 ufficialmente chiusa. Ti aspettiamo al WordCamp Bari 2019.<\/h4>\n","protected":false},"excerpt":{"rendered":"<p>Prenota il tuo posto! Ci siamo, i biglietti per il WordCamp Bari del 17 e 18 Maggio 2019 sono in vendita. Prenota il tuo posto per questa nuova avventura WordPress \ud83d\ude42 . Come saprai un WordCamp \u00e8 un evento organizzato da volontari, senza scopo di lucro. Il biglietto ha un costo simbolico di 20\u20ac, poich\u00e9 [&hellip;]<\/p>\n","protected":false},"author":14463555,"featured_media":0,"parent":0,"menu_order":0,"comment_status":"closed","ping_status":"closed","template":"","meta":{"jetpack_post_was_ever_published":false,"footnotes":""},"class_list":["post-13","page","type-page","status-publish","hentry"],"jetpack_likes_enabled":true,"jetpack_sharing_enabled":true,"_links":{"self":[{"href":"https:\/\/bari.wordcamp.org\/2019\/wp-json\/wp\/v2\/pages\/13","targetHints":{"allow":["GET"]}}],"collection":[{"href":"https:\/\/bari.wordcamp.org\/2019\/wp-json\/wp\/v2\/pages"}],"about":[{"href":"https:\/\/bari.wordcamp.org\/2019\/wp-json\/wp\/v2\/types\/page"}],"author":[{"embeddable":true,"href":"https:\/\/bari.wordcamp.org\/2019\/wp-json\/wp\/v2\/users\/14463555"}],"replies":[{"embeddable":true,"href":"https:\/\/bari.wordcamp.org\/2019\/wp-json\/wp\/v2\/comments?post=13"}],"version-history":[{"count":16,"href":"https:\/\/bari.wordcamp.org\/2019\/wp-json\/wp\/v2\/pages\/13\/revisions"}],"predecessor-version":[{"id":1512,"href":"https:\/\/bari.wordcamp.org\/2019\/wp-json\/wp\/v2\/pages\/13\/revisions\/1512"}],"wp:attachment":[{"href":"https:\/\/bari.wordcamp.org\/2019\/wp-json\/wp\/v2\/media?parent=13"}],"curies":[{"name":"wp","href":"https:\/\/api.w.org\/{rel}","templated":true}]}}