{"id":371,"date":"2019-02-26T09:27:20","date_gmt":"2019-02-26T08:27:20","guid":{"rendered":"https:\/\/2019.bari.wordcamp.org\/?page_id=371"},"modified":"2019-02-26T09:27:20","modified_gmt":"2019-02-26T08:27:20","slug":"evento","status":"publish","type":"page","link":"https:\/\/bari.wordcamp.org\/2019\/evento\/","title":{"rendered":"Evento"},"content":{"rendered":"<h2>COS\u2019\u00c8 WORDCAMP BARI?<\/h2>\n<p>WordCamp Bari \u00e8 un evento organizzato dalla community barese di WordPress.<br \/>\nL\u2019evento \u00e8 rivolto a tutti quelli\u00a0che, a qualsiasi livello, abbiano\u00a0un\u00a0<strong>interesse per WordPress<\/strong>: blogger, sviluppatori, web designer o semplici curiosi. Sarete tutti benvenuti!<\/p>\n<h2>LA CONFERENZA<\/h2>\n<p>WordCamp Bari si terr\u00e0\u00a0<strong>sabato 18 maggio 2019\u00a0<a href=\"https:\/\/www.officinadegliesordi.it\/\">presso Officina degli Esordi<\/a><\/strong>\u00a0e ci saranno interventi per tutti i gusti: si parler\u00e0 di temi dev ma anche di\u00a0contenuti, seo, marketing, business\u2026 tutto powered by WordPress!<\/p>\n<p>In qualsiasi momento della giornata potrai decidere quali interventi\u00a0seguire per imparare cose nuove e confrontarti con gli altri partecipanti \u2013 la traccia non ufficiale \u201cCorridoi e reception\u201d pullula sempre di incontri interessanti!<\/p>\n<h2>IL CONTRIBUTOR DAY<\/h2>\n<p>Per chi lo desidera,\u00a0<strong>il giorno precedente al WordCamp, venerd\u00ec 17 aprile 2019, si terr\u00e0 il\u00a0Contributor Day<\/strong>:\u00a0una giornata di lavoro dove tutti insieme contribuiremo, secondo le nostre competenze, al progetto open source di WordPress. Non \u00e8 necessario che tu sappia programmare, basta aver\u00a0voglia di unirti a noi per collaborare a rendere pi\u00f9 grande questa comunit\u00e0. Ci saranno diversi tavoli di lavoro, sar\u00e0 divertente! I posti per partecipare a questa giornata sono limitati.<\/p>\n<p><em><strong>Pubblicheremo nelle prossime settimane il programma della giornata e altri post di approfondimento sul Contributor Day: iscriviti agli aggiornamenti inserendo la tua mail nel box che trovi qui a fianco, cos\u00ec riceverai le nostre notizie!\u00a0<\/strong><\/em><\/p>\n<h2>VOGLIO PARTECIPARE!<\/h2>\n<p>Presto saranno disponibili i biglietti. Iscriviti agli aggiornamenti inserendo la tua mail nel box che trovi gi\u00f9, cos\u00ec riceverai gli aggiornamenti.<br \/>\nIl costo \u00e8 simbolico e ci aiuta a coprire parte delle spese. Tutta l\u2019organizzazione del WordCamp \u00e8 fatta da volontari e le spese sono coperte dai nostri amati sponsor!<\/p>\n","protected":false},"excerpt":{"rendered":"<p>COS\u2019\u00c8 WORDCAMP BARI? WordCamp Bari \u00e8 un evento organizzato dalla community barese di WordPress. L\u2019evento \u00e8 rivolto a tutti quelli\u00a0che, a qualsiasi livello, abbiano\u00a0un\u00a0interesse per WordPress: blogger, sviluppatori, web designer o semplici curiosi. Sarete tutti benvenuti! LA CONFERENZA WordCamp Bari si terr\u00e0\u00a0sabato 18 maggio 2019\u00a0presso Officina degli Esordi\u00a0e ci saranno interventi per tutti i gusti: [&hellip;]<\/p>\n","protected":false},"author":15140148,"featured_media":0,"parent":0,"menu_order":0,"comment_status":"closed","ping_status":"closed","template":"","meta":{"jetpack_post_was_ever_published":false,"footnotes":""},"class_list":["post-371","page","type-page","status-publish","hentry"],"jetpack_likes_enabled":true,"jetpack_sharing_enabled":true,"_links":{"self":[{"href":"https:\/\/bari.wordcamp.org\/2019\/wp-json\/wp\/v2\/pages\/371","targetHints":{"allow":["GET"]}}],"collection":[{"href":"https:\/\/bari.wordcamp.org\/2019\/wp-json\/wp\/v2\/pages"}],"about":[{"href":"https:\/\/bari.wordcamp.org\/2019\/wp-json\/wp\/v2\/types\/page"}],"author":[{"embeddable":true,"href":"https:\/\/bari.wordcamp.org\/2019\/wp-json\/wp\/v2\/users\/15140148"}],"replies":[{"embeddable":true,"href":"https:\/\/bari.wordcamp.org\/2019\/wp-json\/wp\/v2\/comments?post=371"}],"version-history":[{"count":3,"href":"https:\/\/bari.wordcamp.org\/2019\/wp-json\/wp\/v2\/pages\/371\/revisions"}],"predecessor-version":[{"id":405,"href":"https:\/\/bari.wordcamp.org\/2019\/wp-json\/wp\/v2\/pages\/371\/revisions\/405"}],"wp:attachment":[{"href":"https:\/\/bari.wordcamp.org\/2019\/wp-json\/wp\/v2\/media?parent=371"}],"curies":[{"name":"wp","href":"https:\/\/api.w.org\/{rel}","templated":true}]}}